its digit of k?
3
Suppose 311*f = 6074596 + 4356344. What is the tens digit of f?
4
Let d(n) = 30*n - 7. Suppose 0 = -l - 3*r + 3, -5*l + 32 - 4 = 2*r. Let f be d(l). Let j = f + -79. What is the units digit of j?
4
Suppose -3410*a + 1770720 = -3348*a. What is the hundreds digit of a?
5
Suppose 5*k - 4*z = 38212, -18*k + 15278 = -16*k - 5*z. What is the thousands digit of k?
7
Let w(a) = 146*a - 318*a + 108*a - 280. What is the tens digit of w(-10)?
6
Let y(z) = 13*z**2 + 22*z + 394. What is the tens digit of y(-17)?
7
Let d(k) = -5*k. Let b be d(-1). Suppose 64 = b*n - n. Let i = 88 - n. What is the tens digit of i?
7
Suppose f = -7*j + 3*j + 2920, 1446 = 2*j + 4*f. Suppose -2*i - w + 1497 = 0, -i = 7*w - 3*w - j. What is the tens digit of i?
5
Suppose 4*g = -m + 16613, 8*g + 5*m = 11*g - 12477. Let l = g - 2682. What is the units digit of l?
2
Suppose 11*o = 375800 + 156446. What is the units digit of o?
6
Let y be -5 + (-18)/12*28. Let x be (-14)/(-49) + 1928/14. Let z = y + x. What is the tens digit of z?
9
Let c = 344 - 340. Suppose v - c*n - n = 1303, -n = -3*v + 3867. What is the thousands digit of v?
1
Let a = 8430 - 743. What is the units digit of a?
7
Suppose -3*l + 4 = 7. Let i(m) be the second derivative of 17*m**4/2 + m**3/3 + m**2 - 8*m. What is the hundreds digit of i(l)?
1
Let u(y) = 1033*y - 1091. What is the thousands digit of u(5)?
4
Let l be (3/(-9))/((-1)/81). Suppose -l + 258 = 7*m. Let s = m - -67. What is the hundreds digit of s?
1
What is the units digit of 12370/3*1*(-132)/(-110)?
8
Let u = -9025 + 17940. What is the units digit of u?
5
Suppose 4*q + q = -4*i + 10, 0 = -5*q + i - 15. Let x = 63 - q. Suppose x = 4*z - 55. What is the units digit of z?
0
Let t be (-3)/(((-8)/(-12))/((-14)/9)). Suppose 0 = -4*r - 4*g + t*g + 5947, 1495 = r + 2*g. What is the tens digit of r?
8
Suppose -24942 + 141590 = 56*l. What is the thousands digit of l?
2
Suppose -1131*j - 78723 = -563*j - 569*j. What is the ten thousands digit of j?
7
Let i(w) = 6*w + 143. Let b be i(-23). Suppose -4*v - 2*o = -1120, 0 = v - o + b*o - 280. What is the tens digit of v?
8
Let q(h) = 4*h + 33. Let t be q(-7). Let b be -1*t/10 + 27/(-2). Let u(c) = -c**2 - 28*c + 16. What is the units digit of u(b)?
2
Let d be 10*4 + (-6 - (-5 + 1)). Let w = d - 34. Suppose -w*f = 0, f = -5*b + 4*f + 315. What is the units digit of b?
3
Suppose -75*b - 3422373 = -295*b - 252613. What is the units digit of b?
8
Let l(a) = -4*a - 27. Suppose 3*o = -9, 0*o + 3*o + 14 = -p. Let c be l(p). What is the tens digit of (3 + -2)*c/(21/(-426))?
4
Let i(q) = 733*q - 2726. What is the hundreds digit of i(34)?
1
Let u be -2 - (-14 + 6 + -4). Let p(l) = 3*l**2 - 19*l + 124. What is the units digit of p(u)?
4
Let a(m) = m**3 + 7*m**2 + 9*m + 7. Let j be a(-7). Let b = 42 + j. What is the tens digit of b/(-63) - 464/(-18)?
2
Let q be (1 - 3) + (5 - (-4)/(-4)). Suppose 4*n = -f + 1869, -q*f - 5*n + 2329 = -1406. What is the hundreds digit of f?
8
Let p = 62011 - 37838. What is the units digit of p?
3
What is the hundreds digit of (12/(-15)*-1 + -2)*(-124975)/10?
9
Let q(b) = -3*b + 29. Let j be q(9). What is the units digit of (j + 27)*40/12*3?
0
Let b be (-3 - -8)/(5/5). Suppose 0 = -b*l - 2*g + 3276, g = -l - 2*l + 1966. Suppose -5*p + 269 + l = 0. What is the units digit of p?
5
Suppose -32*f - 91109 = -137922 - 118083. What is the hundreds digit of f?
1
Suppose 6*v + i = 4*v + 16, -8 = -2*v + i. Suppose -11*a = -14*a + v. Suppose 0 = -a*g + 3 - 1. What is the units digit of g?
1
Let f(n) = 1203*n**2 - 18*n - 6. Let v be f(-2). Suppose 96*s - 90*s - v = 0. What is the hundreds digit of s?
8
Let r(o) be the third derivative of 0 - 28*o**2 - 2*o**3 + 3/8*o**4 + 0*o. What is the tens digit of r(3)?
1
Suppose 593*m - 611*m = -4770. Let j(z) = -2*z - 6. Let r be j(-4). Suppose 0 = -r*q + q - 2*b + 90, -3*q + m = b. What is the tens digit of q?
8
Let i(s) = -115*s - 424. Let g be i(-4). Let k be (-14)/(-6) - (-4)/6. Suppose -3*q - k*q = -g. What is the units digit of q?
6
Suppose -4*k + 0*k - 4*n + 188 = 0, -10 = 5*n. Suppose -k = -3*z + 512. What is the tens digit of z?
8
Let p(d) = -1932*d + 820. What is the hundreds digit of p(-7)?
3
Suppose n - 283 = -5*y, -2*n - 21 = 3*y - 622. Suppose -8 = -2*l, 0 = -2*w - w + 4*l + n. What is the tens digit of w?
0
Let l = -283 + 427. Let o be ((-8)/(-12))/(3/l). Suppose 0 = -2*i - 4*j + 64, 0 = -4*i - j - o + 160. What is the tens digit of i?
3
What is the units digit of ((-76)/(-6))/(((-1682)/24969)/(-29))?
3
Let b(y) = -58*y - 87. Let s = 217 - 223. What is the hundreds digit of b(s)?
2
Suppose 5*v - 7*v - 36 = 2*k, -5*k = 2*v + 51. What is the units digit of (-1328)/12*(v/2 + 5)?
6
Let g = -3220 - -9376. What is the units digit of g?
6
Let a(m) = m**2 + 681*m + 32496. What is the units digit of a(0)?
6
Let g(x) = -23*x + 3. Let p be g(-7). Let l = 294 - p. Suppose s + 16 = l. What is the hundreds digit of s?
1
Suppose 5*r - 3 = 2*r, -y + 4*r = 1. Suppose y*v = -v - 4, 3*s + 5*v = -23. Let g(m) = -13*m - 11. What is the units digit of g(s)?
7
Let x = -65 + 72. Let w be 11 + (5/x - 8/(-28)). Let b(o) = -o**2 + 20*o + 17. What is the hundreds digit of b(w)?
1
Let c(y) be the second derivative of 7*y**4/12 - y**3/6 + 2*y**2 + 5*y - 1. Suppose d + 4 = -3*j, 5*j - 3 = 4*d - 21. What is the units digit of c(d)?
0
Let g(y) = 8*y - 61. Let m be g(8). Suppose 5*h - m*z - 1400 = 0, 3*h = z - 5*z + 811. What is the units digit of h?
7
Suppose 5*b + 2*c + 27 = 105, -36 = -2*b + 4*c. Suppose b*j - 17*j + 1208 = 0. What is the units digit of j/9 - 36/162?
4
Let x(b) = 19*b + 1667. What is the tens digit of x(36)?
5
Suppose -4*r = -0*w - w - 135, -4*w - 177 = -5*r. Let n = 18 - r. What is the units digit of (20/n)/(4/(-6))?
2
Suppose 78*u - 628354 = 43*u + 144201. What is the hundreds digit of u?
0
Let b = 30427 - 17910. What is the hundreds digit of b?
5
Suppose 13*p + 5721 = 28978. Suppose 40*j = 16349 - p. What is the units digit of j?
4
Suppose -2*r - 3066 = -9*r. Suppose 0 = -r*y + 436*y + 720. What is the hundreds digit of y?
3
What is the tens digit of (-4 + 656/14)*(-6195)/(-30)?
5
Suppose -4*s = 5*y - 7*s - 190, s - 170 = -5*y. Let u be -7*(y/49 - (-4)/14). What is the units digit of 2/(-1 + u) + (-2135)/(-28)?
6
Let f(v) = -119*v**3 + 8*v**2 - 3*v + 2. Let b be f(-4). Suppose 0 = 15*l - b + 603. What is the tens digit of l?
7
Let m = -5 + 7. Suppose 0 = 3*t - 4*f - 1473, 0 = 4*f - m*f - 6. Suppose 5*r = 2*r + t. What is the tens digit of r?
6
Let n(m) be the third derivative of 31*m**4/8 - 157*m**3/6 - 2*m**2 + 19. What is the tens digit of n(6)?
0
Let y(x) = x**2 + 19*x + 18. Let c(n) = -3*n - 9. Let t be c(3). Let i be y(t). Suppose i = u + w - 1 - 4, -w - 25 = -5*u. What is the units digit of u?
5
Let z(c) = 59*c + 1821. What is the hundreds digit of z(39)?
1
Suppose -67*s = -7029159 + 1048471. What is the ten thousands digit of s?
8
Let s(o) = 190*o**2 + 14*o - 11. Let b(d) = -63*d**2 - 5*d + 4. Let a(z) = 17*b(z) + 6*s(z). Let u be 25/30 - (-2)/12. What is the tens digit of a(u)?
7
Suppose -5*l = -4*u - 12, -20*u - 3*l = -19*u - 14. Let a(n) = 21*n + 3. What is the tens digit of a(u)?
4
Let o = -10726 + 21189. What is the hundreds digit of o?
4
Let b(f) = -2*f**3 - 5*f**2 + 13*f - 7. Suppose -6*p - 208 = -172. What is the units digit of b(p)?
7
Let c(p) = 95*p - 1023. What is the tens digit of c(15)?
0
Let d = 8273 - 5421. What is the thousands digit of d?
2
Suppose 820 = -4*p + p + 5*u, 0 = 5*p + u + 1404. What is the tens digit of (p/(-25))/(-7)*(-462 - -2)?
3
Let t be 32015/(-190)*-1*8/2. Let d = t - 66. What is the units digit of d?
8
Let v be 4 + ((-71995)/(-20) - (-2)/8). Suppose -z - 4*i = -915, -2*i = z + 3*z - v. What is the tens digit of z?
9
Let g = 964 - 653. Suppose -5*x = -g - 579. Let y = x - 20. What is the units digit of y?
8
Let a(o) = -18*o**3 - 250*o**2 + 18*o + 30. What is the units digit of a(-14)?
0
Suppose 0 = 3*v + 7*v + 340. Let w(k) = -17*k + 38. What is the tens digit of w(v)?
1
Let t = -44392 + 78253. What is the ten thousands digit of t?
3
Suppose -6*l + l + 4*h = -7, -3*l = 3*h - 15. Suppose 24 = l*c + f + 4*f, 0 = -c + f. What is the units digit of 2*c/(-2)*(-129)/9?
3
Let n = 56607 - 38577. What is the hundre